+ 4297. Suppose -92 = -8*q - 4. Calculate the greatest common divisor of g and q.
11
Let k be 3/(-12) + 314/8. Let n(x) = -5*x**3 + 5*x**2 - 11*x + 20. Let t be n(4). Let h be (t/110)/((-3)/65). Calculate the highest common divisor of h and k.
13
Suppose -y = -f + 1539 - 1982, 3*y - 1311 = 5*f. What is the greatest common factor of y and 5311?
113
Let n(q) = -28*q + 222. Let j be n(-3). What is the highest common divisor of j and 340?
34
Let n be (-174)/145 - ((-104632)/10 - 2). Calculate the highest common factor of n and 96.
96
Let q be (-1 + -3)*2/(-4). Suppose -z + 11 + 7 = q*p, 3*z - 69 = -p. What is the highest common divisor of 12 and z?
12
Suppose 0*b + 10 = b. Suppose 5*s - 10 = -2*v + v, -5*s - 3*v = -b. Let r be 1/(5/(93 + s)). What is the greatest common divisor of 171 and r?
19
Suppose -4*x + 5*w + 8971 = 0, -16*x = -15*x - 5*w - 2239. Calculate the greatest common factor of 51 and x.
51
Let p(m) = m**3 - 4*m**2 + 3*m - 6. Let y be p(5). Suppose -y*g + 39*g = 45. Let u = -142 - -205. Calculate the highest common divisor of g and u.
9
Let w(o) = 6*o**2 - 15*o + 30. Let k be w(2). Let u = -2 + 0. Let r = k + u. What is the highest common divisor of 88 and r?
22
Suppose 0 = 5*p + j - 667, -4*p + 208 = 5*j - 313. Calculate the highest common divisor of 16750 and p.
134
Let y = -3748 + 3818. What is the greatest common factor of 392 and y?
14
Let c(z) = -1681*z + 181. Let w be c(-1). Suppose -5*o = -w + 1392. Let l(p) = 48*p - 1. Let h be l(1). Calculate the greatest common divisor of o and h.
47
Let r be (270/(-81))/(1/(-75)). Let z = r - 223. What is the highest common divisor of z and 432?
27
Let i(g) = -4*g + 19. Let t be i(-8). Let p = t + -50. Let c be 9/(p*(-15)/(-220)). Calculate the highest common divisor of c and 12.
12
Let r(o) = 2*o**2 - 41*o - 223. Let v(s) = 5*s**2 - 83*s - 447. Let z(p) = -7*r(p) + 3*v(p). Let i be z(-6). What is the greatest common factor of i and 308?
28
Let s(z) = 2*z**2 - 47*z + 33. Let n be s(21). Let u be (-26)/(-3) - n/(-108). Calculate the highest common divisor of 6 and u.
2
Suppose s = -4*s - 3*a + 2, s - 2*a = -10. Let p(f) = -18*f**3 - 2*f**2 + 2. Let g be p(s). Let v = g - 90. What is the highest common factor of 120 and v?
24
Suppose -524 + 200 = -18*h. Let v = 179 - 125. What is the greatest common factor of h and v?
18
Suppose -7133 + 1398 = -37*v. What is the greatest common factor of v and 5?
5
Suppose -4*s + 499 = b, 2*s + 134*b - 138*b = 272. Let w(x) = 6*x + 4. Let t be w(4). Let o = t - 10. What is the greatest common divisor of o and s?
18
Let b(w) = w**2 - 10*w - 36. Let t be b(13). Let a be (-3)/1 - -19*3/t. Calculate the highest common divisor of 176 and a.
16
Suppose -g - 2*g + 744 = -123. What is the greatest common divisor of 238 and g?
17
Let g(i) = 18 - i + 17 + 0*i**2 + 2*i**2. Let d(z) = z**2 + 3*z - 4. Let u be d(-4). Let w be g(u). What is the greatest common divisor of w and 7?
7
Let d(x) = -2*x**3 - 5*x**2 - 2*x + 1. Suppose 0 = 226*l - 214*l + 60. Let q be d(l). Calculate the greatest common divisor of 32 and q.
8
Let f be ((-28)/4 + 6)*-97. Suppose f = 5*x - 2*x + 5*r, 0 = -x + 5*r + 19. Let n be (-2)/8 - (-349)/4. What is the highest common divisor of n and x?
29
Let c(h) = 4*h**3 + 113*h**2 + 21*h - 140. Let z be c(-28). Calculate the greatest common divisor of z and 4000.
8
Let f(r) = r**3 + 9*r**2 - 31*r - 1. Let d be f(-8). Suppose -3*y = -5*j - 14 - d, -519 = -5*y - 3*j. What is the highest common divisor of 42 and y?
21
Let b(o) = 20*o**2 + 131*o + 3. Let l be b(4). What is the highest common divisor of 1573 and l?
121
Let g be 2 + -6 + (51 - 21). Let c be 4/g - 15570/(-195). Calculate the highest common divisor of c and 32.
16
Suppose 0*p - u - 138 = -p, 2*u = p - 138. Let b be (-147)/2*(-4392)/1281. Let w = b - p. Calculate the greatest common divisor of 76 and w.
38
Let g be ((-2)/(-6))/((-2)/(-18)). Suppose -4*b = -g*b - 24. Let w = 10473 + -10457. What is the highest common factor of b and w?
8
Suppose 4*a = -5*b + 2182 + 1293, 0 = 5*a - 5*b - 4355. Let g be (-58)/a + 601/15. What is the greatest common divisor of 130 and g?
10
Let w(f) = f**2 + 20*f + 6. Let l be w(-29). Suppose -11*o - 3*n + l = -8*o, -3*o + 259 = 5*n. Calculate the greatest common factor of 6 and o.
3
Suppose -30 = -3*l + 2*r, 0 = -4*l + 2*r + 23 + 17. Let g be 2756/10 + (-6)/l. What is the greatest common divisor of g and 25?
25
Let j(n) = -10*n + 125. Let c(a) = 70*a - 875. Let u(p) = 3*c(p) + 20*j(p). Let f be u(18). Calculate the highest common divisor of 22 and f.
11
Let m be 65108/1985 + 4/(-5). What is the highest common factor of 736 and m?
32
Let v = 23637 - 23352. What is the greatest common factor of v and 3876?
57
Let a be 8/(224/42455) + ((-42)/(-8))/7. What is the highest common factor of a and 697?
41
Suppose -3*x + 1211 = -0*f - f, 2*x - 5*f = 803. Suppose -5*u + 503 = 13*v - 11*v, 4*u - x = -2*v. Calculate the greatest common divisor of 11 and u.
11
Let y(g) = 24*g**2 + 3*g - 3. Suppose v = 19 - 18. Let j be y(v). What is the highest common divisor of j and 408?
24
Let x(f) = f**3 + 2*f**2 + 2*f - 3. Let g be x(1). Let h be (88/(-132))/((g/(-78))/1). What is the highest common divisor of h and 130?
26
Suppose -5*d = -4*z + 25 - 24, -z = -2*d + 2. Let i = 45 - 43. Suppose i*t = 7 - 3. What is the highest common divisor of z and t?
2
Let x(y) = 5*y**3 + 2*y**2 + y + 1. Let d be x(2). Let o(p) = 70*p + 6. Let z be o(3). Suppose d = -3*m + z. Calculate the highest common factor of m and 22.
11
Suppose -394*x + 33*x + 11913 = 0. What is the greatest common divisor of x and 8877?
33
Let q(l) = l**3 - 17*l**2 + 18*l - 19. Let n be q(16). Let b(k) = 2*k - 12. Let x be b(n). What is the highest common divisor of 28 and x?
14
Suppose 25 = 6*q - 5. Suppose -4*j - q*f = -19, -2*f - 32 = j - 6*j. Suppose -520 = -10*h + j*h. Calculate the highest common divisor of h and 10.
10
Suppose 66*x - 140*x = -65*x - 630. Calculate the greatest common divisor of 6790 and x.
70
Let g be 2/(-3 + -13) - 18180/(-288). What is the highest common divisor of g and 917?
7
Let j(x) be the third derivative of x**4/24 - 19*x**3/6 + 6*x**2. Let r be j(-9). Let s be r/21*(-3)/2. Calculate the greatest common divisor of 14 and s.
2
Let r(x) = x**3 + 10*x**2 + 36*x + 20. Let c be r(-10). Let g be 272/c + 438/10. What is the highest common divisor of g and 43?
43
Let j = 12 - -91. Suppose 2*m + 15 + 14 = s, j = 4*s + 5*m. What is the greatest common factor of 81 and s?
27
Let k = 292 + -275. Suppose 62*q = 2*y + 63*q - 439, 2*y - 4*q = 454. Calculate the greatest common factor of k and y.
17
Let m be (4/(-6))/(1 + 143/(-117)). Let c be (m/(-5))/((-102)/680). Calculate the highest common divisor of c and 68.
4
Let v be 3/(3/2) - -7. Let a be v*2 + 1/1. Let u = 29611 - 29592. Calculate the greatest common factor of u and a.
19
Suppose -346 - 435 = -h. Suppose 882 = -3*b - 3*o, -o - h = 4*b + 389. Let g = -31 - b. Calculate the highest common divisor of g and 29.
29
Let x be (50/50)/((-2)/(0 + 4)). Let d be ((-16104)/55)/(x/5). Calculate the greatest common divisor of d and 12.
12
Suppose 0 = -33*a + 3*a + 1920. Calculate the greatest common factor of a and 32.
32
Suppose -519 + 379 = -7*f. Calculate the greatest common factor of 6620 and f.
20
Let h(i) = -3*i - 3. Let x be h(-3). Suppose x*n - 18 = 3*n. Let g be 9/2 + (2 - (-25)/(-10)). Calculate the highest common divisor of n and g.
2
Let b(v) = 8*v**2 - 4. Suppose 5 = 3*y - 1. Let w be b(y). Calculate the highest common factor of 84 and w.
28
Suppose 2*i - 12*i = -40. Suppose 5*o = 3*o - d + 8, i*d - 16 = 0. What is the greatest common factor of o and 53?
1
Let w = -4 - -7. Suppose -3*i + 51 = 4*z - z, 11 = w*i - 5*z. Let m = 26 + -10. What is the greatest common factor of m and i?
4
Let o(d) = -3167*d - 5864. Let p be o(-4). Calculate the highest common factor of 54 and p.
54
Let k(i) = -2*i + 42. Let n = 31 + -15. Let y be k(n). Let z be (y*7)/((-34)/(-17)). What is the greatest common factor of 5 and z?
5
Suppose -30*j + 3*j = -1026. Suppose 31*i - j*i = -2331. Calculate the greatest common factor of i and 9.
9
Let d(t) = -304*t - 6180. Let s be d(-21). Calculate the greatest common factor of 18258 and s.
102
Suppose 2*j - 2*m = 1418, -10*j + 4*m =